{"id":2078,"date":"2025-12-01T07:17:57","date_gmt":"2025-12-01T07:17:57","guid":{"rendered":"https:\/\/expression-dance.com\/?page_id=2078"},"modified":"2025-12-19T06:43:53","modified_gmt":"2025-12-19T06:43:53","slug":"tanz-adventkalender","status":"publish","type":"page","link":"https:\/\/expression-dance.com\/?page_id=2078","title":{"rendered":"Tanz-Adventkalender"},"content":{"rendered":"\n<p>&#x2728;&nbsp;<strong>Willkommen zu unserem Tanz-Adventkalender 2025!<\/strong>&nbsp;&#x2728;<br>Auch in diesem Jahr m\u00f6chten wir die Vorfreude auf Weihnachten mit euch gemeinsam vertanzen!<br>Jeden Tag \u00f6ffnen wir ein neues T\u00fcrchen \u2013 und dahinter erwartet euch eine unserer wunderbaren Tanzgruppen aus unseren vielen Standorten.<br>Lasst euch \u00fcberraschen von mitrei\u00dfenden Choreografien, \u00dcbungen aus dem Tanzunterricht wie Warm Up, Stretching, Techniktraining und ganz viel Tanzbegeisterung. &#x1f483;&#x2728;&#x1f57a;<\/p>\n\n\n\n<p>Macht euch bereit f\u00fcr 24 Tage voller Rhythmus, Leidenschaft und strahlender Tanzmomente \u2013 wir freuen uns darauf, diese besondere Zeit mit euch zu teilen! &#x1f384;&#x2764;&#xfe0f;<\/p>\n\n\n\n<figure class=\"wp-block-embed is-type-video is-provider-youtube wp-block-embed-youtube wp-embed-aspect-9-16 wp-has-aspect-ratio\"><div class=\"wp-block-embed__wrapper\">\n<iframe loading=\"lazy\" title=\"Adventkalender 2025 T\u00dcR 1\" width=\"443\" height=\"788\" src=\"https:\/\/www.youtube.com\/embed\/UFkvjQC2kX4?feature=oembed\" frameborder=\"0\" allow=\"accelerometer; autoplay; clipboard-write; encrypted-media; gyroscope; picture-in-picture; web-share\" referrerpolicy=\"strict-origin-when-cross-origin\" allowfullscreen><\/iframe>\n<\/div><\/figure>\n\n\n\n<figure class=\"wp-block-embed is-type-video is-provider-youtube wp-block-embed-youtube wp-embed-aspect-9-16 wp-has-aspect-ratio\"><div class=\"wp-block-embed__wrapper\">\n<iframe loading=\"lazy\" title=\"Adventkalender 2025 T\u00fcr 2\" width=\"443\" height=\"788\" src=\"https:\/\/www.youtube.com\/embed\/sMvMRwoW-3c?feature=oembed\" frameborder=\"0\" allow=\"accelerometer; autoplay; clipboard-write; encrypted-media; gyroscope; picture-in-picture; web-share\" referrerpolicy=\"strict-origin-when-cross-origin\" allowfullscreen><\/iframe>\n<\/div><\/figure>\n\n\n\n<figure class=\"wp-block-embed is-type-video is-provider-youtube wp-block-embed-youtube wp-embed-aspect-9-16 wp-has-aspect-ratio\"><div class=\"wp-block-embed__wrapper\">\n<iframe loading=\"lazy\" title=\"Adventkalender 2025 T\u00fcr 3\" width=\"443\" height=\"788\" src=\"https:\/\/www.youtube.com\/embed\/XZF_A-MXqBQ?feature=oembed\" frameborder=\"0\" allow=\"accelerometer; autoplay; clipboard-write; encrypted-media; gyroscope; picture-in-picture; web-share\" referrerpolicy=\"strict-origin-when-cross-origin\" allowfullscreen><\/iframe>\n<\/div><\/figure>\n\n\n\n<figure class=\"wp-block-embed is-type-video is-provider-youtube wp-block-embed-youtube wp-embed-aspect-9-16 wp-has-aspect-ratio\"><div class=\"wp-block-embed__wrapper\">\n<iframe loading=\"lazy\" title=\"Adventkalender 2025 T\u00fcr 4\" width=\"443\" height=\"788\" src=\"https:\/\/www.youtube.com\/embed\/n-rR7AHP-hk?feature=oembed\" frameborder=\"0\" allow=\"accelerometer; autoplay; clipboard-write; encrypted-media; gyroscope; picture-in-picture; web-share\" referrerpolicy=\"strict-origin-when-cross-origin\" allowfullscreen><\/iframe>\n<\/div><\/figure>\n\n\n\n<figure class=\"wp-block-embed is-type-video is-provider-youtube wp-block-embed-youtube wp-embed-aspect-9-16 wp-has-aspect-ratio\"><div class=\"wp-block-embed__wrapper\">\n<iframe loading=\"lazy\" title=\"Adventkalender 2025 T\u00fcr 5\" width=\"443\" height=\"788\" src=\"https:\/\/www.youtube.com\/embed\/eOoX2UlHvSg?feature=oembed\" frameborder=\"0\" allow=\"accelerometer; autoplay; clipboard-write; encrypted-media; gyroscope; picture-in-picture; web-share\" referrerpolicy=\"strict-origin-when-cross-origin\" allowfullscreen><\/iframe>\n<\/div><\/figure>\n\n\n\n<figure class=\"wp-block-embed is-type-video is-provider-youtube wp-block-embed-youtube wp-embed-aspect-9-16 wp-has-aspect-ratio\"><div class=\"wp-block-embed__wrapper\">\n<iframe loading=\"lazy\" title=\"Adventkalender 2025 T\u00fcr 6\" width=\"443\" height=\"788\" src=\"https:\/\/www.youtube.com\/embed\/A9bcWdr8jPA?feature=oembed\" frameborder=\"0\" allow=\"accelerometer; autoplay; clipboard-write; encrypted-media; gyroscope; picture-in-picture; web-share\" referrerpolicy=\"strict-origin-when-cross-origin\" allowfullscreen><\/iframe>\n<\/div><\/figure>\n\n\n\n<figure class=\"wp-block-embed is-type-video is-provider-youtube wp-block-embed-youtube wp-embed-aspect-9-16 wp-has-aspect-ratio\"><div class=\"wp-block-embed__wrapper\">\n<iframe loading=\"lazy\" title=\"Adventkalender 2025 T\u00fcr 7\" width=\"443\" height=\"788\" src=\"https:\/\/www.youtube.com\/embed\/_-1faOuXi1k?feature=oembed\" frameborder=\"0\" allow=\"accelerometer; autoplay; clipboard-write; encrypted-media; gyroscope; picture-in-picture; web-share\" referrerpolicy=\"strict-origin-when-cross-origin\" allowfullscreen><\/iframe>\n<\/div><\/figure>\n\n\n\n<figure class=\"wp-block-embed is-type-video is-provider-youtube wp-block-embed-youtube wp-embed-aspect-9-16 wp-has-aspect-ratio\"><div class=\"wp-block-embed__wrapper\">\n<iframe loading=\"lazy\" title=\"Adventkalender 2025 T\u00dcR 8\" width=\"443\" height=\"788\" src=\"https:\/\/www.youtube.com\/embed\/TBDBRyD4emk?feature=oembed\" frameborder=\"0\" allow=\"accelerometer; autoplay; clipboard-write; encrypted-media; gyroscope; picture-in-picture; web-share\" referrerpolicy=\"strict-origin-when-cross-origin\" allowfullscreen><\/iframe>\n<\/div><\/figure>\n\n\n\n<figure class=\"wp-block-embed is-type-video is-provider-youtube wp-block-embed-youtube wp-embed-aspect-9-16 wp-has-aspect-ratio\"><div class=\"wp-block-embed__wrapper\">\n<iframe loading=\"lazy\" title=\"Adventkalender 2025 T\u00fcr 9\" width=\"443\" height=\"788\" src=\"https:\/\/www.youtube.com\/embed\/X4rKYtm1Ysc?feature=oembed\" frameborder=\"0\" allow=\"accelerometer; autoplay; clipboard-write; encrypted-media; gyroscope; picture-in-picture; web-share\" referrerpolicy=\"strict-origin-when-cross-origin\" allowfullscreen><\/iframe>\n<\/div><\/figure>\n\n\n\n<figure class=\"wp-block-embed is-type-video is-provider-youtube wp-block-embed-youtube wp-embed-aspect-9-16 wp-has-aspect-ratio\"><div class=\"wp-block-embed__wrapper\">\n<iframe loading=\"lazy\" title=\"Adventkalender 2025 T\u00fcr 10\" width=\"443\" height=\"788\" src=\"https:\/\/www.youtube.com\/embed\/ggGGyj3gmHE?feature=oembed\" frameborder=\"0\" allow=\"accelerometer; autoplay; clipboard-write; encrypted-media; gyroscope; picture-in-picture; web-share\" referrerpolicy=\"strict-origin-when-cross-origin\" allowfullscreen><\/iframe>\n<\/div><\/figure>\n\n\n\n<figure class=\"wp-block-embed is-type-video is-provider-youtube wp-block-embed-youtube wp-embed-aspect-9-16 wp-has-aspect-ratio\"><div class=\"wp-block-embed__wrapper\">\n<iframe loading=\"lazy\" title=\"Adventkalender 2025 T\u00fcr 11\" width=\"443\" height=\"788\" src=\"https:\/\/www.youtube.com\/embed\/erFxW4JGCic?feature=oembed\" frameborder=\"0\" allow=\"accelerometer; autoplay; clipboard-write; encrypted-media; gyroscope; picture-in-picture; web-share\" referrerpolicy=\"strict-origin-when-cross-origin\" allowfullscreen><\/iframe>\n<\/div><\/figure>\n\n\n\n<figure class=\"wp-block-embed is-type-video is-provider-youtube wp-block-embed-youtube wp-embed-aspect-9-16 wp-has-aspect-ratio\"><div class=\"wp-block-embed__wrapper\">\n<iframe loading=\"lazy\" title=\"Adventkalender 2025 T\u00fcr 12\" width=\"443\" height=\"788\" src=\"https:\/\/www.youtube.com\/embed\/c4D8Dk-dfYM?feature=oembed\" frameborder=\"0\" allow=\"accelerometer; autoplay; clipboard-write; encrypted-media; gyroscope; picture-in-picture; web-share\" referrerpolicy=\"strict-origin-when-cross-origin\" allowfullscreen><\/iframe>\n<\/div><\/figure>\n\n\n\n<figure class=\"wp-block-embed is-type-video is-provider-youtube wp-block-embed-youtube wp-embed-aspect-9-16 wp-has-aspect-ratio\"><div class=\"wp-block-embed__wrapper\">\n<iframe loading=\"lazy\" title=\"Adventkalender 2025 T\u00fcr 13\" width=\"443\" height=\"788\" src=\"https:\/\/www.youtube.com\/embed\/5FUGO8qPn2Y?feature=oembed\" frameborder=\"0\" allow=\"accelerometer; autoplay; clipboard-write; encrypted-media; gyroscope; picture-in-picture; web-share\" referrerpolicy=\"strict-origin-when-cross-origin\" allowfullscreen><\/iframe>\n<\/div><\/figure>\n\n\n\n<figure class=\"wp-block-embed is-type-video is-provider-youtube wp-block-embed-youtube wp-embed-aspect-9-16 wp-has-aspect-ratio\"><div class=\"wp-block-embed__wrapper\">\n<iframe loading=\"lazy\" title=\"Adventkalender 2025 T\u00fcr 14\" width=\"443\" height=\"788\" src=\"https:\/\/www.youtube.com\/embed\/YupA3QzCIgw?feature=oembed\" frameborder=\"0\" allow=\"accelerometer; autoplay; clipboard-write; encrypted-media; gyroscope; picture-in-picture; web-share\" referrerpolicy=\"strict-origin-when-cross-origin\" allowfullscreen><\/iframe>\n<\/div><\/figure>\n\n\n\n<figure class=\"wp-block-embed is-type-video is-provider-youtube wp-block-embed-youtube wp-embed-aspect-9-16 wp-has-aspect-ratio\"><div class=\"wp-block-embed__wrapper\">\n<iframe loading=\"lazy\" title=\"Adventkalender 2025 T\u00fcr 15\" width=\"443\" height=\"788\" src=\"https:\/\/www.youtube.com\/embed\/ZWrrtd-caT4?feature=oembed\" frameborder=\"0\" allow=\"accelerometer; autoplay; clipboard-write; encrypted-media; gyroscope; picture-in-picture; web-share\" referrerpolicy=\"strict-origin-when-cross-origin\" allowfullscreen><\/iframe>\n<\/div><\/figure>\n\n\n\n<figure class=\"wp-block-embed is-type-video is-provider-youtube wp-block-embed-youtube wp-embed-aspect-9-16 wp-has-aspect-ratio\"><div class=\"wp-block-embed__wrapper\">\n<iframe loading=\"lazy\" title=\"Adventkalender 2025 T\u00fcr 16\" width=\"443\" height=\"788\" src=\"https:\/\/www.youtube.com\/embed\/rsyIS8-2Ufc?feature=oembed\" frameborder=\"0\" allow=\"accelerometer; autoplay; clipboard-write; encrypted-media; gyroscope; picture-in-picture; web-share\" referrerpolicy=\"strict-origin-when-cross-origin\" allowfullscreen><\/iframe>\n<\/div><\/figure>\n\n\n\n<figure class=\"wp-block-embed is-type-video is-provider-youtube wp-block-embed-youtube wp-embed-aspect-9-16 wp-has-aspect-ratio\"><div class=\"wp-block-embed__wrapper\">\n<iframe loading=\"lazy\" title=\"Adventkalender 2025 T\u00fcr 19\" width=\"443\" height=\"788\" src=\"https:\/\/www.youtube.com\/embed\/JyIr4b6Rlr4?feature=oembed\" frameborder=\"0\" allow=\"accelerometer; autoplay; clipboard-write; encrypted-media; gyroscope; picture-in-picture; web-share\" referrerpolicy=\"strict-origin-when-cross-origin\" allowfullscreen><\/iframe>\n<\/div><\/figure>\n\n\n\n<figure class=\"wp-block-embed is-type-video is-provider-youtube wp-block-embed-youtube wp-embed-aspect-9-16 wp-has-aspect-ratio\"><div class=\"wp-block-embed__wrapper\">\n<iframe loading=\"lazy\" title=\"Adventkalender 2025 T\u00fcr 18\" width=\"443\" height=\"788\" src=\"https:\/\/www.youtube.com\/embed\/Yghk3eAhYR8?feature=oembed\" frameborder=\"0\" allow=\"accelerometer; autoplay; clipboard-write; encrypted-media; gyroscope; picture-in-picture; web-share\" referrerpolicy=\"strict-origin-when-cross-origin\" allowfullscreen><\/iframe>\n<\/div><\/figure>\n\n\n\n<figure class=\"wp-block-embed is-type-video is-provider-youtube wp-block-embed-youtube wp-embed-aspect-9-16 wp-has-aspect-ratio\"><div class=\"wp-block-embed__wrapper\">\n<iframe loading=\"lazy\" title=\"Adventkalender 2025 T\u00fcr 19\" width=\"443\" height=\"788\" src=\"https:\/\/www.youtube.com\/embed\/JyIr4b6Rlr4?feature=oembed\" frameborder=\"0\" allow=\"accelerometer; autoplay; clipboard-write; encrypted-media; gyroscope; picture-in-picture; web-share\" referrerpolicy=\"strict-origin-when-cross-origin\" allowfullscreen><\/iframe>\n<\/div><\/figure>\n","protected":false},"excerpt":{"rendered":"<p>&#x2728;&nbsp;Willkommen zu unserem Tanz-Adventkalender 2025!&nbsp;&#x2728;Auch in diesem Jahr m\u00f6chten wir die Vorfreude auf Weihnachten mit euch gemeinsam vertanzen!Jeden Tag \u00f6ffnen wir ein neues T\u00fcrchen \u2013 und dahinter erwartet euch eine unserer wunderbaren Tanzgruppen aus unseren vielen Standorten.Lasst euch \u00fcberraschen von mitrei\u00dfenden Choreografien, \u00dcbungen aus dem Tanzunterricht wie Warm Up, Stretching, Techniktraining und ganz viel Tanzbegeisterung. &hellip; <\/p>\n<p class=\"link-more\"><a href=\"https:\/\/expression-dance.com\/?page_id=2078\" class=\"more-link\"><span class=\"screen-reader-text\">\u201eTanz-Adventkalender\u201c<\/span> weiterlesen<\/a><\/p>\n","protected":false},"author":1,"featured_media":0,"parent":0,"menu_order":0,"comment_status":"closed","ping_status":"closed","template":"","meta":{"footnotes":""},"class_list":["post-2078","page","type-page","status-publish","hentry"],"_links":{"self":[{"href":"https:\/\/expression-dance.com\/index.php?rest_route=\/wp\/v2\/pages\/2078","targetHints":{"allow":["GET"]}}],"collection":[{"href":"https:\/\/expression-dance.com\/index.php?rest_route=\/wp\/v2\/pages"}],"about":[{"href":"https:\/\/expression-dance.com\/index.php?rest_route=\/wp\/v2\/types\/page"}],"author":[{"embeddable":true,"href":"https:\/\/expression-dance.com\/index.php?rest_route=\/wp\/v2\/users\/1"}],"replies":[{"embeddable":true,"href":"https:\/\/expression-dance.com\/index.php?rest_route=%2Fwp%2Fv2%2Fcomments&post=2078"}],"version-history":[{"count":18,"href":"https:\/\/expression-dance.com\/index.php?rest_route=\/wp\/v2\/pages\/2078\/revisions"}],"predecessor-version":[{"id":2105,"href":"https:\/\/expression-dance.com\/index.php?rest_route=\/wp\/v2\/pages\/2078\/revisions\/2105"}],"wp:attachment":[{"href":"https:\/\/expression-dance.com\/index.php?rest_route=%2Fwp%2Fv2%2Fmedia&parent=2078"}],"curies":[{"name":"wp","href":"https:\/\/api.w.org\/{rel}","templated":true}]}}